 -3*l + 4*v. What is the remainder when l is divided by 13?
10
Let x(i) = 119*i - 62*i - 18*i**2 + 12 - 56*i - 3*i**3. Calculate the remainder when x(-8) is divided by 15.
13
What is the remainder when (-1)/(-25)*2 + (-2024022)/(-975) is divided by 23?
6
Let k = 30 + -28. Suppose 0 = h + 2*n - 7, -3*h + 23 = -k*n - 6. Let t(j) = 3*j - 1. What is the remainder when t(11) is divided by h?
5
Let s be (15/(-2))/((-1)/12). Suppose 66*d + 429 = 1683. Suppose 22*b = d*b + s. Calculate the remainder when b is divided by 8.
6
Suppose -129052 = 26*n - 394122. Calculate the remainder when n is divided by 11.
9
Suppose 0 = 8*p - 19*p + 44. Suppose 3*n - 54 = -4*m, -m - 2*m + 37 = p*n. What is the remainder when 73 is divided by (0 - (-1 - 0)) + m?
9
Let k(q) = -337*q + 2960. What is the remainder when k(-9) is divided by 111?
110
Let g be (-12)/(-18)*63/(-2). Calculate the remainder when (-4)/((24/378)/(18/g)) is divided by 12.
6
Suppose -5554*a + 5586*a - 9056 = 0. Calculate the remainder when a is divided by -2 + 0 + 73 + 1.
67
Let a(d) = -828 + 9*d - d**2 + 828. Calculate the remainder when 105 is divided by a(5).
5
Let f = -21951 + 22207. Let t = 220 + -155. What is the remainder when f is divided by t?
61
Suppose -5*y + 300 = -5*w, -5*y + 3*w + 55 + 237 = 0. Calculate the remainder when 143 is divided by y.
31
Let n be (-77)/14*(-1 - -11). Let r = 48 + n. What is the remainder when 89 is divided by -1 - -13 - (r + 6)?
11
Suppose 0 = -2707*b + 2754*b - 225647. What is the remainder when b is divided by 76?
13
Suppose 0 = 78*w - 43*w - 24115. What is the remainder when w is divided by 12?
5
Let d be (3 - -15) + (2/2 - 1). Suppose 22*m = d*m + 28. Suppose m*w - 229 - 345 = 0. What is the remainder when w is divided by 14?
12
Suppose -31*v + 1333 + 466 = 342. What is the remainder when 2112 is divided by v?
44
Let w be 7*-196*-1*4/16. Suppose -b - 6*b = -w. What is the remainder when 191 is divided by b?
44
Suppose -37*l + 15*l = -3212. What is the remainder when 301 is divided by l?
9
Let u(j) be the first derivative of j**4/2 - 9*j**3 + 15*j**2 + 17*j - 36. Calculate the remainder when u(13) is divided by 80.
78
Let f = 22 - 28. Let u(n) = n**3 + 2*n**2 - 5*n - 8. Let t be u(f). Let h = -84 - t. What is the remainder when h is divided by 21?
17
Suppose 9249 - 9113 = 4*f. What is the remainder when f is divided by 29?
5
Let d be (56/(-7))/24 - 610/(-3). Let u = d - 151. What is the remainder when 153 is divided by u?
49
Suppose 20*p - 2 = 22*p, -2*i = 2*p + 340. Let t = i - -218. Calculate the remainder when 95 is divided by t.
46
Let h = 228 + -150. Let x = 140 + h. Calculate the remainder when x is divided by 25.
18
Let n = -13 - -23. Suppose -3*i + 4*l + 17 = 0, 3 - n = -3*i - l. Calculate the remainder when 44 is divided by i.
2
Suppose -6*q - x = -q - 822, -5*q + 3*x + 814 = 0. Suppose q = 5*z - 251. Calculate the remainder when z is divided by -21*(-3 - -9 - (-21)/(-3)).
20
Suppose -3*b + 614 = 2*f, -4*f + 6*f - 626 = 3*b. What is the remainder when f is divided by 104?
102
Let r(p) = 4*p**2 - 21 + 8 + 7 + 4*p + 3. What is the remainder when r(-4) is divided by 19?
7
Let y(d) = -d**3 - 4*d**2 + 2*d + 9. Let n be y(-7). Suppose -76 = -6*b + 572. Suppose n*u = 139*u + b. What is the remainder when u is divided by 8?
4
Let u = -3182 - -4818. What is the remainder when u is divided by 42?
40
Let c(w) = 13*w + 447. What is the remainder when c(-12) is divided by 3?
0
Let w = -540 + 668. Calculate the remainder when 338 is divided by w.
82
Let p = 24 - 2. Suppose 4*q = -2*u - 0*u + 290, -q + u = -68. What is the remainder when q is divided by p + -9*(2 - 20/9)?
23
Suppose 14*n - 988 - 324 = -150. What is the remainder when 11536 is divided by n?
82
Suppose -14*p = 8*j - 15*p - 10530, 6567 = 5*j - 3*p. What is the remainder when j is divided by 12?
9
Suppose 4*z - 12675 = -8*t + 3*t, -5*t - 3*z + 12675 = 0. What is the remainder when t is divided by 121?
115
Let g = -37 - -45. Suppose -4*d - 4*v = -72, d - 4*d + 57 = 4*v. Calculate the remainder when d is divided by g.
7
Let z = 2684 + -2400. Calculate the remainder when z is divided by 39.
11
Suppose 7*a - 8*a = 4*y - 348, 0 = -a. What is the remainder when 608 is divided by 6/4*3538/y?
59
Let n(o) = 103*o + 4265. Calculate the remainder when n(-24) is divided by 9.
2
Suppose -196*c = -195*c + 5. What is the remainder when ((-1463)/22 - c)*8/(-6) is divided by 11?
5
Let k(u) be the first derivative of -5*u**2 + 106*u + 81. Suppose x - 55 = 7. What is the remainder when x is divided by k(9)?
14
Let f(a) = 78*a + 89. Let p be f(16). Suppose -3*g = -2*n - 974, p = -g + 5*g + 5*n. What is the remainder when g is divided by 55?
53
Let y be (3 - (-66)/(-30))/((-4)/(-70)). Let g(x) = -x**3 + 14*x**2 + 3*x + 1. Let l = 382 + -373. What is the remainder when g(y) is divided by l?
7
Let b = 68 + -52. Suppose -9 = s + 3. Let r(m) = -m**3 - 13*m**2 - 14*m + 6. What is the remainder when r(s) is divided by b?
14
What is the remainder when 23198 is divided by (-100)/(-18)*4032/896?
23
Suppose 1260 = 7*d + 7*d. Suppose 0 = 3*o - 8*o + d. What is the remainder when (86/6)/(1/3) is divided by o?
7
Let l(j) = -72*j + 72. Let m be l(-13). Suppose 5*t = -2*k + 423 + 830, -4*t + 4*k + m = 0. What is the remainder when t is divided by 14?
13
Suppose 3*c - 653 = -5*r + 122, -5*r = 2*c - 525. Calculate the remainder when c is divided by 93.
64
Suppose -3*f + 276 = -3*x, -194 - 58 = -3*f - 3*x. Let t = f - 94. What is the remainder when ((-161)/3 - t/9)*-4 is divided by 43?
40
Suppose -6425 = -32*r + 4487. Suppose -339*t - 62 = -r*t. Calculate the remainder when 103 is divided by t.
10
Suppose -38*o - 5782 = -234*o + 686. Suppose -1671 = -t - 2*t. What is the remainder when t is divided by o?
29
Let t(k) = 6*k + 237. Let h be t(-37). Suppose -190 = -h*d + 1595. What is the remainder when d is divided by 61?
58
Suppose -2524 = -39*v + 3755. What is the remainder when v is divided by 27?
26
Suppose -2*b + 5*m + 292 = 0, 4*b - 54*m + 59*m = 554. What is the remainder when b is divided by 208/4*2/4?
11
Let c be (-9)/6*-2*1. Suppose c*j - 85 = 5. Let n = 6406 + -6350. What is the remainder when n is divided by j?
26
Let t(k) = k**3 - 10*k**2 + 13*k - 8. Let n be t(9). Let w = -45 + n. Let b = -2 - w. Calculate the remainder when b is divided by 4.
3
Suppose -3*m = 4*t - 466, 4*m - m + 5*t = 464. Suppose 81 = -24*k + 645 + 204. What is the remainder when m is divided by k?
30
Let r(c) = 2*c + 12. Let j be 2*2/(-14) + 634/14. Suppose -t - 31 = -j. Calculate the remainder when 158 is divided by r(t).
38
What is the remainder when ((-8)/148 - (-1719)/999)*(0 - -237) is divided by 130?
5
Let l be 2 + 830/4 + 6/12. Let r = l + -153. What is the remainder when r is divided by 49?
8
Let d = 14521 + -14472. Calculate the remainder when 178 is divided by d.
31
Let n = -4873 + 4880. Let k(c) be the first derivative of c**3/3 - 4*c**2 - 7*c + 2. Calculate the remainder when n is divided by k(9).
1
Let x = 538 + -509. Suppose -57 = x*z - 1159. What is the remainder when 568 is divided by z?
36
Let p(g) = 13*g - 12. Let s be p(2). Suppose 357 = s*w + 7*w. What is the remainder when 46 is divided by w?
12
Let y(p) = -2*p**2 - 103*p + 353. Calculate the remainder when y(-29) is divided by 147.
41
Let y = -11 + 74. Suppose 0 = -3*c + q - 2*q + 70, 0 = 4*c - q - 91. Calculate the remainder when y is divided by c.
17
Let m(o) be the second derivative of o**3/6 + 27*o**2/2 + 25*o. Calculate the remainder when m(-11) is divided by 9.
7
What is the remainder when 3030 is divided by -2*2 - (21 + (-448)/14)?
6
Let y(o) = 15*o - 57. Let f be y(4). Suppose -59 = -f*i - 4*u, -3*u - 5 = -i + 6. Suppose -2*d + 7*d - 150 = 0. Calculate the remainder when d is divided by i.
13
Let a = 389 - 380. Calculate the remainder when ((-25)/(-2))/((-6)/(-12)) is divided by a.
7
Let u(j) = j - 1. Let x(c) = -2*c + 9. Let a(l) = 5*u(l) + x(l). Let k be a(-2). What is the remainder when (k - (-12)/3) + 91 is divided by 32?
29
Let y(x) = 1031*x + 6207. Calculate the remainder when 1923 is divided by y(-6).
12
Let g = 33231 + -33229. Suppose 5*x + 170 = 5*w, 5*w + 5*x = 90 + 80. Calculate the remainder when w is divided by g.
0
Let p = -403 - -752. Let v = p - 280. Calcula